 9) to base 16
da2f
Convert 34c (base 16) to base 2.
1101001100
What is -229 (base 11) in base 9?
-333
Convert 1110000011110 (base 2) to base 7.
26662
What is 22567 (base 8) in base 12?
5673
What is 19ed (base 15) in base 8?
12767
Convert -3c (base 13) to base 11.
-47
-779 (base 13) to base 6
-5535
Convert -37dd (base 14) to base 16.
-2647
What is 22203 (base 5) in base 16?
611
What is -648 (base 10) in base 5?
-10043
What is -5728 (base 9) in base 3?
-12210222
6cb1 (base 15) to base 8
55114
What is -3078 (base 12) in base 10?
-5276
-1619 (base 16) to base 11
-4283
What is -5113 (base 6) in base 7?
-3165
Convert -8884 (base 10) to base 5.
-241014
Convert -23666 (base 7) to base 11.
-4702
69b (base 12) to base 9
1312
What is -397 (base 13) in base 2?
-1001110111
Convert -100111000 (base 2) to base 16.
-138
What is -111010101 (base 2) in base 9?
-571
What is 1dc (base 15) in base 12?
300
What is -2056 (base 9) in base 13?
-8c1
Convert -1010 (base 16) to base 7.
-14663
What is 2230222 (base 4) in base 5?
323200
Convert -1736 (base 11) to base 15.
-9cc
What is -121143 (base 6) in base 12?
-61b3
What is -683 (base 9) in base 7?
-1431
What is -4201313 (base 5) in base 4?
-100311132
Convert -1211012 (base 3) to base 16.
-530
Convert -22111 (base 4) to base 15.
-2e1
866 (base 15) to base 16
768
Convert 122 (base 12) to base 8.
252
Convert 8531 (base 9) to base 16.
1879
3057 (base 11) to base 4
333113
What is -122 (base 9) in base 13?
-7a
What is -540 (base 9) in base 5?
-3231
-102022 (base 3) to base 10
-305
Convert -10300 (base 4) to base 9.
-367
What is 2322 (base 13) in base 16?
1341
546 (base 8) to base 16
166
Convert 124421 (base 5) to base 8.
11572
-2353 (base 7) to base 5
-11441
-13551 (base 10) to base 9
-20526
Convert 46551 (base 8) to base 5.
1113232
-211112 (base 3) to base 6
-2452
Convert -16036 (base 8) to base 6.
-53154
Convert -1439 (base 14) to base 15.
-10d9
What is -1447 (base 8) in base 2?
-1100100111
What is -1120021221 (base 3) in base 4?
-13201300
-3c8 (base 16) to base 2
-1111001000
-bb7 (base 12) to base 5
-23343
Convert -d674 (base 15) to base 11.
-31073
377 (base 11) to base 10
447
Convert -363 (base 10) to base 8.
-553
-36032 (base 8) to base 16
-3c1a
Convert a28 (base 12) to base 13.
893
What is 2428 (base 9) in base 7?
5162
-133 (base 14) to base 13
-157
Convert 50154 (base 6) to base 16.
1996
What is -100001 (base 2) in base 12?
-29
Convert -10000010001 (base 2) to base 16.
-411
Convert -17b5 (base 14) to base 16.
-10b3
30481 (base 10) to base 7
154603
Convert -12121 (base 3) to base 4.
-2113
-18a (base 16) to base 7
-1102
What is 100010100 (base 2) in base 7?
543
15384 (base 11) to base 8
52367
What is -31501 (base 8) in base 5?
-404441
Convert 125 (base 10) to base 2.
1111101
1001110101110 (base 2) to base 13
23a7
-19213 (base 10) to base 12
-b151
What is 10a7 (base 14) in base 12?
180b
What is 2020 (base 7) in base 11?
587
Convert 5f5 (base 16) to base 3.
2002111
77 (base 8) to base 13
4b
-3671 (base 8) to base 16
-7b9
Convert 32321 (base 4) to base 6.
4225
What is -12301 (base 6) in base 7?
-5233
abc (base 15) to base 10
2427
Convert 1001100101010 (base 2) to base 7.
20206
What is -1101000000001 (base 2) in base 3?
-100010120
What is 528 (base 10) in base 12?
380
What is -16c (base 14) in base 11?
-246
What is 3244 (base 5) in base 7?
1211
3044 (base 5) to base 11
333
-242 (base 11) to base 2
-100100000
What is -ca02 (base 13) in base 9?
-42433
-211220010 (base 3) to base 5
-1013224
Convert -20032 (base 4) to base 5.
-4101
Convert 2177 (base 11) to base 14.
108b
What is -1c580 (base 13) in base 15?
-1184e
What is 110010100010 (base 2) in base 3?
11102210
What is 2302 (base 14) in base 9?
8303
640 (base 8) to base 10
416
-de43 (base 16) to base 5
-3310044
10010011110000001 (base 2) to base 13
28582
Convert -1d7 (base 16) to base 4.
-13113
23229 (base 11) to base 13
12368
Convert 314 (base 16) to base 3.
1002012
What is 2982 (base 14) in base 12?
431a
Convert -2154 (base 7) to base 8.
-1406
Convert -1101100 (base 2) to base 4.
-1230
-183 (base 11) to base 6
-552
Convert 11001 (base 2) to base 16.
19
What is 26652 (base 7) in base 4?
1300113
Convert -5712 (base 9) to base 10.
-4223
Convert -23133 (base 4) to base 6.
-3223
860 (base 12) to base 14
636
221221 (base 3) to base 15
31a
-1020 (base 16) to base 3
-12122220
Convert -3100 (base 4) to base 5.
-1313
Convert 14abb (base 13) to base 4.
21210121
What is -4087 (base 9) in base 3?
-11002221
Convert 745 (base 16) to base 13.
b02
Convert -23129 (base 10) to base 16.
-5a59
What is -5e64 (base 15) in base 5?
-1120434
What is -1678 (base 14) in base 10?
-4026
Convert -310 (base 14) to base 8.
-1132
291 (base 10) to base 16
123
Convert 93 (base 16) to base 15.
9c
What is -1367 (base 15) in base 13?
-1b70
-386b (base 16) to base 12
-8437
1004 (base 5) to base 3
11210
What is 1217 (base 8) in base 16?
28f
Convert -110001100110 (base 2) to base 4.
-301212
What is 1a26 (base 16) in base 15?
1eb4
Convert -1a4 (base 14) to base 4.
-11110
What is 200 (base 13) in base 14?
1a2
-b905 (base 13) to base 14
-9513
-3a5 (base 15) to base 16
-33e
What is -222020101 (base 3) in base 9?
-28211
What is -1011010110 (base 2) in base 8?
-1326
What is 648 (base 10) in base 16?
288
What is 12605 (base 8) in base 16?
1585
What is 368 (base 13) in base 9?
728
Convert 420505 (base 6) to base 8.
102131
2509 (base 14) to base 13
2c43
Convert -10001000110001 (base 2) to base 15.
-28d8
What is 3744 (base 10) in base 6?
25200
-4818 (base 15) to base 12
-8a4b
Convert 12120 (base 3) to base 13.
b7
2232 (base 8) to base 13
6c8
3220230 (base 4) to base 10
14892
Convert -222 (base 3) to base 6.
-42
What is -2c5 (base 13) in base 16?
-1f3
-2445 (base 7) to base 2
-1110010011
Convert -75214 (base 8) to base 6.
-401124
What is -756c (base 13) in base 4?
-3332322
What is -3544 (base 6) in base 4?
-31120
What is -abcd (base 14) in base 2?
-111010001010001
What is -2a3 (base 11) in base 10?
-355
What is 22235 (base 6) in base 12?
197b
Convert -1100010001 (base 2) to base 9.
-1062
Convert 113200 (base 6) to base 11.
73a2
Convert -472 (base 14) to base 9.
-1182
What is -110011000001011 (base 2) in base 14?
-973d
Convert -375 (base 10) to base 6.
-1423
What is -330 (base 11) in base 6?
-1500
2311 (base 6) to base 10
547
-15b77 (base 14) to base 2
-1101010001111101
-2d6 (base 14) to base 6
-2404
Convert 152 (base 16) to base 12.
242
What is -1aa (base 15) in base 13?
-238
Convert 1440 (base 13) to base 9.
4010
What is -1422141 (base 5) in base 7?
-152335
-54532 (base 6) to base 7
-30665
1120 (base 7) to base 9
501
What is 11695 (base 11) in base 5?
1014202
-112263 (base 7) to base 5
-1120122
103122 (base 6) to base 3
102121212
What is 5350 (base 14) in base 16?
382a
12898 (base 10) to base 15
3c4d
Convert -34a (base 11) to base 9.
-513
What is -120010201 (base 3) in base 7?
-44113
What is 1314230 (base 5) in base 8?
63116
1441342 (base 6) to base 13
2bbb3
-32c5 (base 16) to base 9
-18741
3964 (base 15) to base 14
4668
-8112 (base 9) to base 14
-2232
Convert -100111011 (base 2) to base 5.
-2230
What is -52ab (base 13) in base 2?
-10110011001000
Convert 4103 (base 12) to base 15.
2159
-1970 (base 11) to base 2
-100111000001
-1858 (base 11) to base 15
-a77
30321 (base 4) to base 15
3a0
Convert -1000110100 (base 2) to base 11.
-473
1122 (base 10) to base 2
10001100010
Convert b48 (base 12) to base 6.
11332
-220010002 (base 3) to base 12
-a20b
-3214 (base 6) to base 8
-1332
Convert 1000011101111 (base 2) to base 12.
2613
What is 40260 (base 7) in base 13?
4587
1145 (base 7) to base 6
1545
Convert -1132 (base 10) to base 13.
-691
Convert 54331 (base 7) to base 3.
200120201
What is 6f9 (base 16) in base 4?
123321
What is 210200 (base 5) in base 16?
1b0d
What is 2210002 (base 3) in base 12?
120b
1bf (base 16) to base 13
285
-593 (base 12) to base 10
-831
Convert 915 (base 14) to base 15.
7dd
Convert -107043 (base 9) to base 11.
-44256
-6667 (base 13) to base 15
-4371
What is 101202 (base 3) in base 6?
1202
What is 742 (base 16) in base 8?
3502
20430 (base 5) to base 13
810
What is -6045 (base 8) in base 11?
-2377
-101110110001111 (base 2) to base 9
-35762
What is -1153 (base 9) in base 2?
-1101011010
What is 31300 (base 4) 